63200?
5263173
In base 10, what is 59 - 243425?
-243366
In base 11, what is 5 - 3432189?
-3432184
In base 15, what is 3a359 + 26?
3a380
In base 6, what is -3 + -10452005405?
-10452005412
In base 15, what is 2 + -11bc65?
-11bc63
In base 4, what is 11223131010231 - -1?
11223131010232
In base 7, what is -11121 + 43?
-11045
In base 2, what is 101 - 1111000011101000001111?
-1111000011101000001010
In base 16, what is 57 + -2812?
-27bb
In base 5, what is 3322104 - 201?
3321403
In base 7, what is -6 - 3422114510?
-3422114516
In base 5, what is -44 + 2243140233?
2243140134
In base 5, what is 0 - 344422240?
-344422240
In base 16, what is -2 + 9b4d59?
9b4d57
In base 9, what is 371 - -2074300?
2074671
In base 7, what is -16 + -613450040?
-613450056
In base 10, what is 6170 + 17806?
23976
In base 5, what is -1234134 - 342?
-1240031
In base 3, what is 12210 + -210002211222112?
-210002211202202
In base 15, what is -38c5 - -37?
-388d
In base 13, what is 55c - 4a?
512
In base 11, what is 3 + 3566428?
3566430
In base 3, what is 110222 + 2120202?
10001201
In base 15, what is 5916 + -bbd?
4c48
In base 13, what is -38 - -40565?
4052a
In base 6, what is 1310033 - -3030?
1313103
In base 5, what is -104012 + 13303?
-40204
In base 10, what is -1647 + 107089?
105442
In base 15, what is a35 + -5de?
446
In base 15, what is -1ea96 + 51?
-1ea45
In base 12, what is 3a5 + 1a76a?
1ab53
In base 3, what is 2 + 2110022210112?
2110022210121
In base 2, what is -1 + -111010100100110000111?
-111010100100110001000
In base 7, what is 13664 - 22565?
-5601
In base 8, what is 325 - 40741?
-40414
In base 15, what is -1 - -11a2eb8?
11a2eb7
In base 7, what is 4 + 43624165?
43624202
In base 8, what is -5707 - 10413?
-16322
In base 14, what is a + -5306ab9?
-5306aad
In base 14, what is -1 - -2ca744?
2ca743
In base 4, what is 1 - -100032332?
100032333
In base 10, what is -1909 - 9723?
-11632
In base 5, what is -1133324 + 422110?
-211214
In base 8, what is -360 - -461516?
461136
In base 6, what is 22 - 5243145403?
-5243145341
In base 4, what is -131 + 20232111?
20231320
In base 4, what is -30030230103301 + 3?
-30030230103232
In base 11, what is -1132 - 8889?
-9a10
In base 6, what is -230005523 - 2?
-230005525
In base 4, what is -11 + 3210233113?
3210233102
In base 5, what is -1033342212 + -1002?
-1033343214
In base 4, what is -32021033333 - -20?
-32021033313
In base 7, what is 4642244 - 44?
4642200
In base 5, what is -10012 + 11104311?
11044244
In base 3, what is 2110112001112120 + -2?
2110112001112111
In base 14, what is 5adb + -2bb?
5820
In base 12, what is 821 + -29955?
-29134
In base 15, what is -10e + -1edd1?
-1eee0
In base 13, what is 50927c - 4a?
509232
In base 2, what is 1011000001111 + -100101100110?
110010101001
In base 2, what is -100 - 11101110110011101110011?
-11101110110011101110111
In base 11, what is -4 - 28a7571?
-28a7575
In base 2, what is 101 - -110100111111100010101?
110100111111100011010
In base 16, what is 3510aae + 0?
3510aae
In base 14, what is -8 - -463645?
46363b
In base 12, what is 12575180a + 0?
12575180a
In base 7, what is -2464000111 - -1?
-2464000110
In base 13, what is -ab0ba0 + 4?
-ab0b99
In base 16, what is -1499 + 69e4?
554b
In base 7, what is 1125125 + -3525?
1121300
In base 7, what is -3 - 5321631036?
-5321631042
In base 12, what is 1798 - -a2774?
a4350
In base 2, what is 1001111001010011010100 + -1?
1001111001010011010011
In base 12, what is 260a857 - -3?
260a85a
In base 13, what is -10ca155 - 12?
-10ca167
In base 14, what is a50d + -202?
a30b
In base 12, what is -4 - 3825480?
-3825484
In base 4, what is -220210200001 + -11?
-220210200012
In base 15, what is 0 + -2e38354?
-2e38354
In base 9, what is -12 + 2413306?
2413284
In base 7, what is 12642531 + -15?
12642513
In base 11, what is -35 + 86619?
86594
In base 10, what is -681590 + -60?
-681650
In base 7, what is 23311110 + 25?
23311135
In base 4, what is 1131 + 10102010?
10103201
In base 7, what is 14152352635 - 5?
14152352630
In base 14, what is 3a7222 + -a9?
3a7157
In base 16, what is -20 + -3a44f?
-3a46f
In base 6, what is 40514 + -131424?
-50510
In base 12, what is -2793359 + 6?
-2793353
In base 6, what is 50 + 134255154?
134255244
In base 4, what is 2 + 100310202312?
100310202320
In base 10, what is 1238 + -3892?
-2654
In base 4, what is -12 + 22002003321?
22002003303
In base 16, what is -4 + -5a86fb?
-5a86ff
In base 13, what is a3a863 + -157?
a3a709
In base 11, what is 3 + 13997024?
13997027
In base 6, what is -32 + -140203351?
-140203423
In base 4, what is -22021 + 12223031?
12201010
In base 14, what is -d88b271 - 9?
-d88b27a
In base 4, what is 223031221 + 201020?
223232301
In base 6, what is -1 + -1152433450?
-1152433451
In base 8, what is -1 + 33251577?
33251576
In base 9, what is -42 - 5704612?
-5704654
In base 8, what is 610 - -301177?
302007
In base 15, what is 5 + -3ca4a1?
-3ca49b
In base 13, what is -2 - -142a5626?
142a5624
In base 15, what is c7d3d4b6 - -1?
c7d3d4b7
In base 12, what is -5 + 2a39b06?
2a39b01
In base 15, what is 7be + 57b?
d4a
In base 15, what is 12e + 19351?
19480
In base 5, what is -2333 - 2012022?
-2014410
In base 10, what is 58246 - 565?
57681
In base 2, what is -110 + -101000110110110100111?
-101000110110110101101
In base 16, what is 1daf + 65?
1e14
In base 5, what is -4 - -1223033402?
1223033343
In base 2, what is 11001010001 - 11101010111010?
-11010001101001
In base 15, what is 2e78242 + 5?
2e78247
In base 3, what is 1 + -10201221211102002?
-10201221211102001
In base 3, what is -111222220002122 - 2?
-111222220002201
In base 6, what is 1535444430 - -1?
1535444431
In base 10, what is -77410 - 648?
-78058
In base 11, what is -8738 + 126?
-8612
In base 7, what is -1 + -26313463?
-26313464
In base 6, what is 355253 - -200033?
555330
In base 14, what is -182c61 - 9?
-182c6a
In base 2, what is 10011000110 + -1001000010001?
-110101001011
In base 11, what is 3 + -29675523?
-29675520
In base 4, what is -32001211003 + -210?
-32001211213
In base 4, what is -23 - -320321323?
320321300
In base 3, what is -1210000001220 - 211112?
-1210000220102
In base 2, what is -11001111100111000000 - -1101?
-11001111100110110011
In base 7, what is -2433110236 - 0?
-2433110236
In base 7, what is 2 - 15102302?
-15102300
In base 8, what is 107215244 - -11?
107215255
In base 2, what is 111011010010000000011111 - 100001?
111011010001111111111110
In base 11, what is -62 - 15014?
-15076
In base 8, what is 35233 + 4520?
41753
In base 16, what is -6 + -18c504d?
-18c5053
In base 8, what is -421746210 - -1?
-421746207
In base 15, what is -da976c + 1a?
-da9752
In base 11, what is -232 + 6576a?
65538
In base 8, what is -34344215 - -7?
-34344206
In base 16, what is -3 - -7d61?
7d5e
In base 8, what is 543226205 - -1?
543226206
In base 8, what is -1 + 12476231?
12476230
In base 7, what is 102460251 + 30?
102460311
In base 16, what is -56a0d7 + 3?
-56a0d4
In base 16, what is 0 - -4c5ba9?
4c5ba9
In base 5, what is -124 + -20412334343?
-20412340022
In base 3, what is -1210022201210222 - 10?
-1210022201211002
In base 3, what is 2200010 - -201221121?
211121201
In base 4, what is -10 - -121213202331?
121213202321
In base 7, what is -20236006 + 454?
-20235222
In base 9, what is -4 - 1770164?
-1770168
In base 11, what is 279275 + -22?
279253
In base 11, what is 36a30668 - -2?
36a3066a
In base 12, what is 3 + 14712584?
14712587
In base 16, what is b - -14abe6b?
14abe76
In base 13, what is -1 + 4714ca?
4714c9
In base 13, what is 195522 - 186?
195369
In base 3, what is -201222 - 122010121?
-122212120
In base 2, what is -101001000011000001011001001 - -101?
-101001000011000001011000100
In base 11, what is 1a58 - -1413?
3370
In base 14, what is -1 + 4db739?
4db738
In base 7, what is 4 - 21505611?
-21505604
In base 7, what is 43 - -1654050?
1654123
In base 5, what is 3231 - 1333321?
-1330040
In base 6, what is -45320210 + 5?
-45320201
In base 2, what is -100 + -1000100010101011011010011?
-1000100010101011011010111
In base 15, what is -11 - c3cb61?
-c3cb72
In base 16, what is -d04aa0 + 3?
-d04a9d
In base 2, what is 11110100 + 10001010101100100000?
10001010110000010100
In base 9, what is 1852743414 - 4?
1852743410
In base 7, what is -324 + -13243053?
-13243410
In base 16, what is c + 12a6f6?
12a702
In base 13, what is -106a7